e -q*b + 107 = 4*t, -1 + 2 = -b. What is the remainder when 53 is divided by t?
25
Let d = -361 + 375. What is the remainder when d is divided by 14?
0
Suppose 25 = 14*r - 9*r. Suppose -r*h + 426 = h. What is the remainder when h is divided by 25?
21
Suppose -a + 6 = -2*a. Let g = 14 - a. Suppose -g = -d - 1. Calculate the remainder when 35 is divided by d.
16
Suppose -12*j + 11*j - t + 18 = 0, -2*j + 45 = 5*t. Calculate the remainder when 100 is divided by j.
10
Let f(d) = -d**3 - d**2 + 18. Let z be (52 - 4/1) + 0. Let w = 83 - z. Calculate the remainder when w is divided by f(0).
17
Suppose 0*v + 12*v = 0. Calculate the remainder when 21 is divided by (5 - (2 - 0)) + v/(-1).
0
Suppose 4*y = 4*w - 72, -5*w + 2*y + 37 = -50. Calculate the remainder when w is divided by 9.
8
Let w(j) = j**2 - 25*j + 9. Calculate the remainder when w(29) is divided by 66.
59
Suppose -53*p + 399 = -102*p + 68*p. Let l = 28 + 12. Calculate the remainder when l is divided by p.
19
Suppose -4*g + 3*g = -2. Let j = 3 - -79. What is the remainder when j is divided by (g - -4)*(-21)/(-6)?
19
Suppose 0 = -k - 5*x + 21, 0*k + 42 = 2*k - 3*x. Let g = -27924 - -28004. Calculate the remainder when g is divided by k.
17
Suppose 0 = 6*k - k - 25. Suppose 2*y - 5*g - 78 = 0, 0*y = -k*y - 4*g + 129. What is the remainder when 114 is divided by y?
27
Let c(g) = -g**2 + 12*g + 6. Let y = -10 - -25. Calculate the remainder when c(7) is divided by y.
11
Let h(i) = -5*i + 5. Let n(o) be the first derivative of -o**4/4 + 3*o**3 + 11*o - 12. Calculate the remainder when h(-5) is divided by n(9).
8
Suppose -5*g + 30 = 2*t, -3*g - 2*t = -5*g + 12. What is the remainder when 58 is divided by g?
4
Suppose 4*j = o + 13, 3*j + 109 = -3*o + j. Let t = -74 + 89. What is the remainder when ((-8)/2)/(3/o) is divided by t?
14
Let h be ((-4)/12)/(2/(-6)). Suppose -74 = -2*k - 5*q, 2*k - 5*q + 155 = 7*k. What is the remainder when 52/(-10)*(h + -11) is divided by k?
25
Let y = -50 - -34. Let q = y - -20. Suppose -k + 10 = -q*v, 3*v - 20 = -3*k + 25. Calculate the remainder when k is divided by 8.
6
Let j(v) = -6*v + 31. Let q be j(3). Let m(p) = -p**3 + 5*p**2 + 2*p - 3. Let d be m(3). Let g = d - q. Calculate the remainder when 31 is divided by g.
7
Let n(j) = 5*j**2 + 14*j - 11. Calculate the remainder when n(-5) is divided by 19.
6
Let c be ((-4)/3)/(4/6)*-6. Let k(x) = x**2 - 12*x + 8. What is the remainder when 23 is divided by k(c)?
7
Let n(a) = a**3 + 9*a**2 + 10*a. Let k be n(-6). Suppose k = 6*r - 36. Let s(z) = z**3 + 7*z**2 - z - 4. What is the remainder when s(-6) is divided by r?
10
Let r(u) = -2*u**2 - 3*u + 3. Let g be r(1). What is the remainder when (15 - (-1 - g))*91/14 is divided by 23?
22
Suppose 4*t = -4*c + 280, 207 = 122*c - 119*c + 2*t. Calculate the remainder when 341 is divided by c.
6
Let i(c) = -2*c**3 - 139*c**2 - 72*c - 30. Calculate the remainder when i(-69) is divided by 42.
9
Suppose 0 = -5*a + 2*f + 1211, 2*a = 3*f + 114 + 366. Calculate the remainder when a is divided by 31.
26
Suppose -1092 = -258*r + 251*r. Calculate the remainder when r is divided by 79.
77
Suppose 0 = 4*w + 16, -a = 3*a + 2*w - 112. Calculate the remainder when 58 is divided by a.
28
Let m(q) = 14*q + 3. Let w be m(4). Let i = w + -5. Calculate the remainder when i is divided by -1 + -4 + 16 - (-3)/1.
12
Suppose 4 = r - 7. Suppose 2*k = 4*k - 20. Suppose -k*u + 15*u = 205. What is the remainder when u is divided by r?
8
Suppose 5*d + 5 = 0, 4*d - 65 = 4*q - 381. Calculate the remainder when q is divided by 14.
8
Let r = -41 + 24. Let h = r - -11. Calculate the remainder when 8 is divided by (-1)/(-3 + (-16)/h).
2
Let j = -848 - -856. Let q = 8 - -31. Suppose -4*c + 32 + q = 5*f, 0 = -4*f + 2*c + 62. Calculate the remainder when f is divided by j.
7
Let u = 244 - 214. What is the remainder when u is divided by 9 - (-4)/(-2) - -1?
6
Suppose -24*n + 33*n - 45 = 0. Calculate the remainder when 12 is divided by n.
2
Let j(x) = -2*x - 3*x - x**2 + 0 - 7 - 2*x. Let m(c) = c**2 - 6*c. Let r be m(5). Calculate the remainder when 7 is divided by j(r).
1
Suppose -25*f + 306 + 6169 = 0. Calculate the remainder when f is divided by 65.
64
Let n be (-3 + 2)/1 - -4. Suppose 0 = 5*i + 4*j - 61, 3*j - 4*j - 23 = -n*i. What is the remainder when 16 is divided by i?
7
Let w(r) = 29*r + 40. Let x(m) = -15*m - 19. Let o(v) = 4*w(v) + 9*x(v). Calculate the remainder when o(-3) is divided by 24.
22
Suppose 268*s - 277*s + 864 = 0. What is the remainder when 1726 is divided by s?
94
Suppose 23 = -5*c - 27. Let v(t) be the first derivative of -t**4/4 - 3*t**3 + 9*t**2/2 - 5*t - 7. Calculate the remainder when 11 is divided by v(c).
1
Suppose -a + 7*a = 72. Suppose -4*j + 4*d = 18 - 6, -2*j = d + a. Let p = 22 + j. Calculate the remainder when 64 is divided by p.
13
What is the remainder when 23 - 1 - (-10 - -6) - -2 is divided by 6?
4
Let p be (2 + 0)/(-2)*(-8 + 6). Suppose 7*j - 6*j - 3*x - 198 = 0, p*j = -3*x + 405. What is the remainder when j is divided by 34?
31
Suppose 16 = -2*c + 50. Calculate the remainder when c is divided by 12.
5
Let i = -13 - -27. Suppose -j = -0*j + 3*m - 52, -j = m - 52. Suppose j + 58 = 2*f. What is the remainder when f is divided by i?
13
Suppose 4*s - 9*s = -920. Calculate the remainder when s is divided by 21.
16
Let c(f) = 4*f + 6. Let s(u) = 3*u**3 + u**2. Let k be s(-1). Let i be 1 + k + 3 + 3. Calculate the remainder when c(i) is divided by 7.
5
Suppose a + 20 - 22 = 0. Suppose 3*h + 30 = a*u, u + 0 - 10 = -h. Calculate the remainder when u is divided by 4.
0
Let v = 181 + -174. Calculate the remainder when 29 is divided by v.
1
Let t(z) = -z**2 - 7*z + 1. Let v be t(-6). Let y(s) = 5*s - 14. What is the remainder when 60 is divided by y(v)?
18
Suppose l + 2*x = 23, -5*l + 2*x = -2*x - 157. Suppose -17 + 22 = i. Calculate the remainder when l is divided by i.
4
Suppose -4*f + s = -156, -3*s + s = 3*f - 128. Let g = f - 58. Calculate the remainder when 231/12 - g/24 is divided by 11.
9
Let y be -2 - (0 + -78) - 1. Suppose 5*p = 15 + y. Calculate the remainder when -1 - 3/2*-24 is divided by p.
17
Let f = 2280 - 2167. What is the remainder when f is divided by (-346)/(-18) - 2/9?
18
Suppose 144*u - 142*u = 12. What is the remainder when 9 is divided by u?
3
Let b(v) = -8*v + 34. Let u be b(-9). Suppose 4*j = u - 22. What is the remainder when j is divided by 6?
3
Suppose 2*i + 0*i - 38 = -2*f, f - 15 = -2*i. Suppose 12*t - 749 + 209 = 0. What is the remainder when t is divided by f?
22
Let a = 36 + -22. Suppose a*b - 2*b - 132 = 0. What is the remainder when 36 is divided by b?
3
Let g(w) = 3*w**2 + 7*w - 40. Let z be g(-8). Suppose -2*x - 4*i + z = -i, x + 5*i - 62 = 0. Calculate the remainder when x is divided by 11.
9
Let l = -29 + 53. Let m(j) = -j**2 + 5*j + 1. Let h be m(5). Let k = 12 + h. What is the remainder when l is divided by k?
11
Let n be 10/30 + (-1)/3. Suppose -2*j + n*r - r + 26 = 0, j = -3*r + 18. Suppose i - j = 4. What is the remainder when 45 is divided by i?
13
Suppose 30*k + 2*k - 4960 = 0. Calculate the remainder when k is divided by 13.
12
Let q(l) = -l**2 - 18*l - 75. What is the remainder when 40 is divided by q(-8)?
0
Suppose 63*k - 59*k + 328 = 0. Let y = 157 + k. What is the remainder when y is divided by 38?
37
Let n = 28 + -15. Let o = 43 - n. Calculate the remainder when 89 is divided by o.
29
Suppose -3*p = -k - 7, -6*k = -4*p - 2*k - 4. Suppose -21 = -c + 2*n, p*n - 31 = -3*c + 42. What is the remainder when c is divided by 7?
2
Suppose 0 = 88*b - 84*b - 64. What is the remainder when 31 is divided by b?
15
Let v(i) = 7*i + 98. What is the remainder when v(-8) is divided by 15?
12
Suppose 0 = -2*v + 4, 3*d = -d - 4*v + 40. Suppose 2*p + d = 3*p. What is the remainder when 21 is divided by p?
5
Suppose -160 = 18*g - 22*g. Let q(t) = -t**3 + 11*t**2 - 8*t + 2. Let c be q(10). Suppose c - 1 = z. What is the remainder when g is divided by z?
19
Let a = 228 + -103. Let g be -3*(-4 - -3) - 3. Suppose 0 = 5*i - 4*h - 140, g = -5*i + 5*h - 2*h + 145. What is the remainder when a is divided by i?
29
Let k(s) = 22*s - 44. Calculate the remainder when 119 is divided by k(4).
31
Let q(i) = i**3 + i**2 + 2*i - 1. Suppose -5*c + 43 = -7. What is the rem